 0 + -30
-13
(3 - -3) + (30 - (39 - -70))
-73
What is the value of (5 + -10 - (-22 - -12) - 2) + 27?
30
Calculate -105 - -79 - (-4 - 4).
-18
What is (123 - 55) + (3 - 49)?
22
-11 + -7 - (-9 + 89 - (-38 - -13))
-123
(23 - (70 - 57)) + (21 - -1 - -2) + -1
33
What is 55 + -83 + 115 + -4 + 17?
100
Calculate 76 + -60 + 32 - -17 - (-1 - 12).
78
Evaluate 20 + -4 + 0 - (-184 - (-112 + 12)).
100
-217 + 175 - (21 - 7)
-56
19 + (-16 - (-26 + -2)) + -3
28
What is 1 + (-98 - (1 - 10) - (-3 + -9 + 1))?
-77
(-43 + 28 - (-23 + -14 + 29)) + 83
76
Evaluate (1 - 8 - (335 + -344)) + (-55 - (-1 + 0)).
-52
Calculate 45 - ((-3 - -10) + -3 + (11 - 0) - 8).
38
What is 44 - (73 + -30 + -2)?
3
(58 - 56) + (2 - 8 - 17 - -11)
-10
1 + -10 + 7 - (-11 + 1 + -125)
133
(-1064 - -1032) + (86 - 0)
54
What is the value of (-14 - 58) + (52 - 21)?
-41
7 + (2 + -5 - (-28 + (-23 - -53)))
2
Calculate 0 + -30 - (8 - 9 - -4 - 4).
-29
What is the value of -4 + (5 - 16) - (1 - 76) - 7?
53
Evaluate 20 + (-170 - -31) + 7.
-112
Evaluate -8 - (0 - -12 - (-35 - (40 - 77))).
-18
Evaluate -13 - -2 - (-394 + 340) - (1 + -21).
63
Evaluate 48 + -60 - (8 + -6) - 34.
-48
What is -3 + -6 - -10 - ((-8 - -9) + -3 + 63)?
-60
What is the value of -17 - (4 + 66 - 153)?
66
What is the value of (4 - (1 + 1)) + -14 - (-194 - -194)?
-12
What is (3698 - 3666) + 7 + -1?
38
Evaluate (-3 + 10 + -6 - -8) + (-9 + 4 - -17).
21
What is the value of -44 + 78 + 73 + -21?
86
What is the value of -40 + -34 - 28 - (6 + -4 + 6 + -1)?
-109
(32 - 52) + 4 + -35 - 6
-57
What is 64 - (87 + -70) - (5 + 2)?
40
Evaluate -187 - -236 - (-1 + 7 - (-3 + 7)).
47
What is the value of 1 + -7 + (50 - (4 - -19 - 1))?
22
Evaluate (-57 + 0 - (-64 - -34 - -31)) + 12.
-46
What is the value of 23 + 0 + (1 - (4 - 2))?
22
What is the value of 36 + -230 + -48 + -1 + 94?
-149
-6 + 16 + (-14 - (-5 + 6)) + 1
-4
What is the value of (93 - 44 - 77) + 34?
6
What is the value of -16 + (66 - 20) + -23 - 18?
-11
What is the value of -46 + 146 + -78 - 20?
2
Evaluate 92 - (294 + -283 + (-2 - 19 - -4)).
98
Evaluate 14 + (58 + 30 - -12) + -24.
90
Evaluate (9 - 1) + -1 - -19 - 1.
25
What is -25 - (-51 + -17 + 85)?
-42
Calculate 44 + 66 + (-45 - 0).
65
Calculate 58 + -2 + (-8 - (-9 - 13)) + -23.
47
Calculate (90 - 5) + (1 - 25 - (36 - (-44 - -92))).
73
What is the value of -19 + (6 - 3) + (-26 + 7 - -27 - 16)?
-24
Evaluate (-14 - 5 - 12) + -9 + -2 + 2.
-40
Calculate (7 - (12 + 3 + -6) - 1) + -3 + -46.
-52
What is -19 + -1 - (-3 + (-16 - (-12 - -4)))?
-9
Evaluate -100 - (-7 + 81 + -136).
-38
Evaluate -38 + -6 + (64 - 28) + -5.
-13
Evaluate (2 - 0) + -14 + -3 + 2 - (9882 + -9880).
-15
Calculate -12 + (3 - (-19 + 12) - -1) - 61.
-62
What is (-5 - (-6 + 1 - -3)) + (54 - (31 + 6))?
14
What is the value of 67 + (-19 + -1 + 14 - -41)?
102
Evaluate 15 + (-8 - (8 + -2 + 20 + -29)).
10
What is the value of -4 + (-50 - 97 - -126)?
-25
What is the value of (-1 + (1 - 11) - (-134 - (-247 + 113))) + -48?
-59
(16 + -3 - 57) + 14 + (7 - (-6 - -19))
-36
Calculate 16 - 4 - (-14 - -40).
-14
(28 - (-11 - -9)) + 6 + (6 - -5)
47
Calculate 74 - 3 - (-3639 - -3727).
-17
What is (3 - (1 + 28)) + (7 + -5 - -14) + -6?
-16
Calculate 110 + -97 + -6 + (-2 - (88 - 0)) + 6.
-77
What is 1 - (31 + (78 - 85))?
-23
Calculate 1 + (-7 - -2) - (-155 - -174 - (-8 + -25)).
-56
511 + -486 + (5 - 5 - 104)
-79
6 + -5 - -43 - (270 + -265)
39
1 + -14 + (91 - 88) + (9 - -8 - 0)
7
Calculate 14 + -1 + 1 + (-318 + 184 - -145).
25
Calculate 35 - (30 - (-29 + 18)).
-6
What is the value of (-198 - (-75 - 16) - (0 + 23)) + 17?
-113
-51 - ((6 - (-17 + 12 + -1)) + -7)
-56
Calculate -8 + (109 - -2) + 10 + -9 + 2.
106
(-41 + 81 - -60) + -154
-54
What is the value of -1 + 6 - (-46 + (-13 - -38 - 27))?
53
Calculate (101 - 45) + -38 + -83.
-65
Calculate 9 - 1 - (32 + -5 - 8) - (0 - -7).
-18
What is 4 - (22 - (8 - 3)) - (-40 - 1)?
28
What is the value of (-4 - -1 - -23) + 27 + -30 + -1 + -3?
13
What is the value of 48 + -74 + 23 - 35?
-38
Calculate (3 - 4) + -3 + 59 + -30 + -47.
-22
What is the value of 4 - -37 - (63 - (-85 - 2))?
-109
Calculate ((-284 - -146) + 50 - (-1 - -11)) + -3.
-101
Evaluate 0 + -5 - (-24 + (10 - -2 - (-13 + 14))).
8
4 + (32 + -23 - -13) + 46
72
What is the value of 4 + -26 + -474 + 600?
104
-1 + (-1 - -163) + 9862 + -9899
124
Calculate 31 - (11 - -1 - 27) - 13.
33
(38 - 19 - 49) + -4
-34
What is the value of 0 - (-102 - 0) - (51 + -10 + (-15 - 36))?
112
What is (0 - 2) + (21 - 15) + 1 - (4 + 22)?
-21
Calculate (176 + -180 - (-19 + 1)) + (-86 - 0).
-72
(-13 - -46) + (44 - 62)
15
What is -7 + (0 + -8 - -3) + 6 - -45?
39
Calculate -4 + (-11 - -18 - -8) - 11.
0
1 - 110 - (-29 - (29 + (56 - 102)))
-97
87 - 83 - (0 - -5) - (1 - 29)
27
What is 53 + (-176 - (86 + -126))?
-83
8 + -19 + -15 + 96 + -3
67
What is -28 + (13 - 2 - (-37 + 54 - 7))?
-27
Evaluate 21 + (-31 - 12) + 41.
19
What is (205 - 145 - -15) + 0 + -40?
35
What is the value of 26 + -35 - -44 - 26?
9
42 - ((-30 - -33) + -1) - 33
7
What is the value of 9 - ((-16 + 34 - 23) + 6)?
8
What is 6 + 15 + 59 + (9 - (12 + -7))?
84
-10 + 9 + (40 - 78)
-39
What is the value of -52 + (40 - 7) - -48?
29
What is 4 + -6 + (57 - 2 - 13)?
40
Evaluate 10 + -7 - (3 - -21) - (-2326 + 2239).
66
Evaluate (2 - -10) + (-2 - (138 + -18)).
-110
Calculate 0 + 29 + (-88 - -139) + -68 - (-90 + 2).
100
-21 - ((33 - 39) + -45)
30
Calculate -35 - ((-9 - -23) + (-8 - 8) - 1).
-32
Evaluate 119 + 7 - (21 + 28 + -30).
107
What is the value of 2 - -101 - (531 - 483)?
55
Evaluate 47 - (1 - 8 - -79).
-25
Evaluate 1 + 17 - (-1443 - -1506).
-45
What is the value of 52 + -7 + -22 + 19 + -9 + (5 - -1)?
39
-3436 + 3410 - (1 + -41)
14
-33 + (-4 + -10 - (23 - 35)) + 15
-20
Calculate (0 - -1) + -52 - (12858 + -12864).
-45
-72 - (118 + 37 + -122)
-105
What is the value of -5063 - -5064 - ((0 - 1) + -1 - -3 - -28)?
-28
Evaluate -461 - -438 - (-58 + 3).
32
-15 + (-1 + (68 - 1) - (-1393 + 1371))
73
What is -15 + 0 + -1438 + 1457 - -36?
40
Evaluate -20 - (57 - 46) - (-40 - -4).
5
Evaluate -13 + (23 - (-15 - -16)) - 16.
-7
What is (-109 - 1) + (3935 - 3923) + (-1 - 18)?
-117
Calculate 45 + 13 + (13 - -2) + -25.
48
Calculate (-4478 - -4476) + (8 - 1).
5
Calculate -65 + 5 + (3 - -64).
7
10 + 1 + -8 - -12 - 26 - 41
-52
Calculate (5 - (6 - 9)) + (-247 - -211).
-28
Calculate 6 + (-4 - -6) + 0 + -13 + 23 + -70.
-52
(-9 - (12 - 68)) + 14 + -1
60
0 + -13 - (28 + -122 - -113)
-32
What is 68 + -37 - ((-4 - -7) + (6 - 0))?
22
Calculate (-17 + 2 - (311 + -313)) + -17.
-30
What is the value of 17 - 23 - (3 + -13 + -3 + -39)?
46
Calculate -9 - (-11 - (-8 + 14 + -1 + 2)) - -11.
20
What is -29 - -13 - -6 - (25 - -5) - -17?
-23
What is -15 + 14 + 20 + 34 + -21?
32
What is the value of (4 - -15) + 307 + -330?
-4
What is 10 + (4 - (-2 - -4)) + (36 - 32) + 20?
36
Evaluate -12 - (10 + 4 - 10) - 0 - -83.
67
Evaluate 148 + (22 - (17 + 11)) + -26.
116
What is the value of 172 - (136 - 46) - -6?
88
(-15 - -36 - 108) + -34 + 9
-112
20 + -42 + 32 - -16 - 1
25
What is -67 + 1 + 36 + (89 - 6)?
53
9 + -31 + 24 + -27
-25
What is the value of 27 + -29 + -14 + 27 - 72?
-61
19 + (27 + (-45 - 24) - -16)
-7
What is the value of (-3 - 3 - 5) + 68 + (-4 - 7)?
46
Calculate (-41 - -1) + -57 + 39 + 9 + 12.
-37
What is the value of 6 + (6 - (44 - 15)) - 13?
-30
What is 17 - (18 + -1 + (105 - 103) + -37)?
35
(15 - 9) + -2 + 8 + (-5 - 60)
-53
Calculate (4 + -47 - 4) + -7 + -5 + 11 - -8.
-40
Evaluate -21 + 38 + -21 + -21 + 31.
6
What is the value of -4030 + 4019 + (0 - -102)?
91
Calculate -5 + (7 - 21 - -19 - -7) - 67.
-60
What is -67 + -85 + 80 + -12?
-84
What is (25 - ((7 - 35) + -24)) + -35?
42
-6 + (-26 + (-20 - -40) - -18)
6
What is 14 + -32 - -36 - 8 - (-12 + 0)?
22
What is 3 - (25 + 3 + (12 - (25 - 9)))?
-21
(3 + -2 + -5 - 14) + 13 + 16 + -25
-14
What is the value of 76 + -65 + (-4 - -5 - 1 - -12)?
23
-51 + (190 + -196 - (-18 + -1 + 2))
-40
What is the value of (171 - (120 + -33)) + 3 + -12?
75
Calculate 18 + 8 + (-72 - -4) + -7 + 0 + 2.
-47
-37 + (-8 - 8 - 1) + -16 + 22
-48
Evaluate -3 - (10 + (-1 - -17) + -18 + -6 + 1).
-6
(5 - -1 - (170 + -89)) + -21
-96
(-69 + 144 - 89) + 98
84
Calculate -23 + (64 + -86 - (-22 + 7 + -3)).
-27
What is 10 - 0 - (20 + -26 - -27 - 10)?
-1
Evaluate 125 - (5 - (1 - 2)) - (877 - 867).
109
What is (26 